{"id":393,"date":"2022-10-17T14:13:09","date_gmt":"2022-10-17T12:13:09","guid":{"rendered":"http:\/\/local.micssantjordi.org\/estancies-mediques\/"},"modified":"2023-01-19T12:50:01","modified_gmt":"2023-01-19T10:50:01","slug":"media-estancia-convalescencias-medicas","status":"publish","type":"page","link":"https:\/\/www.micsantjordi.org\/es\/media-estancia-convalescencias-medicas\/","title":{"rendered":"Media estancia: convalescencias m\u00e9dicas"},"content":{"rendered":"<div class=\"md:w-1\/2 px-4 md:pr-8\">\n<h4 class=\"heading-default\">Adaptados a tus necesidades<\/h4>\n<\/div>\n<div class=\"md:w-1\/2 px-4\">MICS Sant Jordi tambi\u00e9n est\u00e1 pensado para personas que necesitan una vivienda totalmente adaptada de forma temporal, de 1 a 6 meses. Sea cual sea el motivo, tanto por convalecencias m\u00e9dicas, como por razones laborales o de estudios, en MICs Sant Jordi encontrar\u00e1 el lugar que responde a sus necesidades.<\/div>\n","protected":false},"excerpt":{"rendered":"<p>Adaptados a tus necesidades MICS Sant Jordi tambi\u00e9n est\u00e1 pensado para personas que necesitan una vivienda totalmente adaptada de forma temporal, de 1 a 6 meses. Sea cual sea el motivo, tanto por convalecencias m\u00e9dicas, como por razones laborales o de estudios, en MICs Sant Jordi encontrar\u00e1 el lugar que responde a sus necesidades.<\/p>\n","protected":false},"author":1,"featured_media":0,"parent":0,"menu_order":0,"comment_status":"closed","ping_status":"closed","template":"templates\/interests-page.php","meta":{"_acf_changed":false,"footnotes":""},"categories":[35],"tags":[],"acf":[],"yoast_head":"<!-- This site is optimized with the Yoast SEO plugin v22.3 - https:\/\/yoast.com\/wordpress\/plugins\/seo\/ -->\n<title>Media estancia: convalescencias m\u00e9dicas - MICs Sant Jordi<\/title>\n<meta name=\"robots\" content=\"index, follow, max-snippet:-1, max-image-preview:large, max-video-preview:-1\" \/>\n<link rel=\"canonical\" href=\"https:\/\/www.micsantjordi.org\/es\/media-estancia-convalescencias-medicas\/\" \/>\n<meta property=\"og:locale\" content=\"es_ES\" \/>\n<meta property=\"og:type\" content=\"article\" \/>\n<meta property=\"og:title\" content=\"Media estancia: convalescencias m\u00e9dicas - MICs Sant Jordi\" \/>\n<meta property=\"og:description\" content=\"Adaptados a tus necesidades MICS Sant Jordi tambi\u00e9n est\u00e1 pensado para personas que necesitan una vivienda totalmente adaptada de forma temporal, de 1 a 6 meses. Sea cual sea el motivo, tanto por convalecencias m\u00e9dicas, como por razones laborales o de estudios, en MICs Sant Jordi encontrar\u00e1 el lugar que responde a sus necesidades.\" \/>\n<meta property=\"og:url\" content=\"https:\/\/www.micsantjordi.org\/es\/media-estancia-convalescencias-medicas\/\" \/>\n<meta property=\"og:site_name\" content=\"MICs Sant Jordi\" \/>\n<meta property=\"article:modified_time\" content=\"2023-01-19T10:50:01+00:00\" \/>\n<meta name=\"twitter:card\" content=\"summary_large_image\" \/>\n<meta name=\"twitter:label1\" content=\"Tiempo de lectura\" \/>\n\t<meta name=\"twitter:data1\" content=\"1 minuto\" \/>\n<script type=\"application\/ld+json\" class=\"yoast-schema-graph\">{\"@context\":\"https:\/\/schema.org\",\"@graph\":[{\"@type\":\"WebPage\",\"@id\":\"https:\/\/www.micsantjordi.org\/es\/media-estancia-convalescencias-medicas\/\",\"url\":\"https:\/\/www.micsantjordi.org\/es\/media-estancia-convalescencias-medicas\/\",\"name\":\"Media estancia: convalescencias m\u00e9dicas - MICs Sant Jordi\",\"isPartOf\":{\"@id\":\"https:\/\/www.micsantjordi.org\/es\/#website\"},\"datePublished\":\"2022-10-17T12:13:09+00:00\",\"dateModified\":\"2023-01-19T10:50:01+00:00\",\"inLanguage\":\"es\",\"potentialAction\":[{\"@type\":\"ReadAction\",\"target\":[\"https:\/\/www.micsantjordi.org\/es\/media-estancia-convalescencias-medicas\/\"]}]},{\"@type\":\"WebSite\",\"@id\":\"https:\/\/www.micsantjordi.org\/es\/#website\",\"url\":\"https:\/\/www.micsantjordi.org\/es\/\",\"name\":\"MICs Sant Jordi\",\"description\":\"MICs Sant Jordi\",\"publisher\":{\"@id\":\"https:\/\/www.micsantjordi.org\/es\/#organization\"},\"potentialAction\":[{\"@type\":\"SearchAction\",\"target\":{\"@type\":\"EntryPoint\",\"urlTemplate\":\"https:\/\/www.micsantjordi.org\/es\/?s={search_term_string}\"},\"query-input\":\"required name=search_term_string\"}],\"inLanguage\":\"es\"},{\"@type\":\"Organization\",\"@id\":\"https:\/\/www.micsantjordi.org\/es\/#organization\",\"name\":\"MICs Sant Jordi\",\"url\":\"https:\/\/www.micsantjordi.org\/es\/\",\"logo\":{\"@type\":\"ImageObject\",\"inLanguage\":\"es\",\"@id\":\"https:\/\/www.micsantjordi.org\/es\/#\/schema\/logo\/image\/\",\"url\":\"https:\/\/www.micsantjordi.org\/wp-content\/uploads\/2023\/01\/logo_wbl.png\",\"contentUrl\":\"https:\/\/www.micsantjordi.org\/wp-content\/uploads\/2023\/01\/logo_wbl.png\",\"width\":183,\"height\":72,\"caption\":\"MICs Sant Jordi\"},\"image\":{\"@id\":\"https:\/\/www.micsantjordi.org\/es\/#\/schema\/logo\/image\/\"}}]}<\/script>\n<!-- \/ Yoast SEO plugin. -->","yoast_head_json":{"title":"Media estancia: convalescencias m\u00e9dicas - MICs Sant Jordi","robots":{"index":"index","follow":"follow","max-snippet":"max-snippet:-1","max-image-preview":"max-image-preview:large","max-video-preview":"max-video-preview:-1"},"canonical":"https:\/\/www.micsantjordi.org\/es\/media-estancia-convalescencias-medicas\/","og_locale":"es_ES","og_type":"article","og_title":"Media estancia: convalescencias m\u00e9dicas - MICs Sant Jordi","og_description":"Adaptados a tus necesidades MICS Sant Jordi tambi\u00e9n est\u00e1 pensado para personas que necesitan una vivienda totalmente adaptada de forma temporal, de 1 a 6 meses. Sea cual sea el motivo, tanto por convalecencias m\u00e9dicas, como por razones laborales o de estudios, en MICs Sant Jordi encontrar\u00e1 el lugar que responde a sus necesidades.","og_url":"https:\/\/www.micsantjordi.org\/es\/media-estancia-convalescencias-medicas\/","og_site_name":"MICs Sant Jordi","article_modified_time":"2023-01-19T10:50:01+00:00","twitter_card":"summary_large_image","twitter_misc":{"Tiempo de lectura":"1 minuto"},"schema":{"@context":"https:\/\/schema.org","@graph":[{"@type":"WebPage","@id":"https:\/\/www.micsantjordi.org\/es\/media-estancia-convalescencias-medicas\/","url":"https:\/\/www.micsantjordi.org\/es\/media-estancia-convalescencias-medicas\/","name":"Media estancia: convalescencias m\u00e9dicas - MICs Sant Jordi","isPartOf":{"@id":"https:\/\/www.micsantjordi.org\/es\/#website"},"datePublished":"2022-10-17T12:13:09+00:00","dateModified":"2023-01-19T10:50:01+00:00","inLanguage":"es","potentialAction":[{"@type":"ReadAction","target":["https:\/\/www.micsantjordi.org\/es\/media-estancia-convalescencias-medicas\/"]}]},{"@type":"WebSite","@id":"https:\/\/www.micsantjordi.org\/es\/#website","url":"https:\/\/www.micsantjordi.org\/es\/","name":"MICs Sant Jordi","description":"MICs Sant Jordi","publisher":{"@id":"https:\/\/www.micsantjordi.org\/es\/#organization"},"potentialAction":[{"@type":"SearchAction","target":{"@type":"EntryPoint","urlTemplate":"https:\/\/www.micsantjordi.org\/es\/?s={search_term_string}"},"query-input":"required name=search_term_string"}],"inLanguage":"es"},{"@type":"Organization","@id":"https:\/\/www.micsantjordi.org\/es\/#organization","name":"MICs Sant Jordi","url":"https:\/\/www.micsantjordi.org\/es\/","logo":{"@type":"ImageObject","inLanguage":"es","@id":"https:\/\/www.micsantjordi.org\/es\/#\/schema\/logo\/image\/","url":"https:\/\/www.micsantjordi.org\/wp-content\/uploads\/2023\/01\/logo_wbl.png","contentUrl":"https:\/\/www.micsantjordi.org\/wp-content\/uploads\/2023\/01\/logo_wbl.png","width":183,"height":72,"caption":"MICs Sant Jordi"},"image":{"@id":"https:\/\/www.micsantjordi.org\/es\/#\/schema\/logo\/image\/"}}]}},"_links":{"self":[{"href":"https:\/\/www.micsantjordi.org\/es\/wp-json\/wp\/v2\/pages\/393"}],"collection":[{"href":"https:\/\/www.micsantjordi.org\/es\/wp-json\/wp\/v2\/pages"}],"about":[{"href":"https:\/\/www.micsantjordi.org\/es\/wp-json\/wp\/v2\/types\/page"}],"author":[{"embeddable":true,"href":"https:\/\/www.micsantjordi.org\/es\/wp-json\/wp\/v2\/users\/1"}],"replies":[{"embeddable":true,"href":"https:\/\/www.micsantjordi.org\/es\/wp-json\/wp\/v2\/comments?post=393"}],"version-history":[{"count":6,"href":"https:\/\/www.micsantjordi.org\/es\/wp-json\/wp\/v2\/pages\/393\/revisions"}],"predecessor-version":[{"id":1033,"href":"https:\/\/www.micsantjordi.org\/es\/wp-json\/wp\/v2\/pages\/393\/revisions\/1033"}],"wp:attachment":[{"href":"https:\/\/www.micsantjordi.org\/es\/wp-json\/wp\/v2\/media?parent=393"}],"wp:term":[{"taxonomy":"category","embeddable":true,"href":"https:\/\/www.micsantjordi.org\/es\/wp-json\/wp\/v2\/categories?post=393"},{"taxonomy":"post_tag","embeddable":true,"href":"https:\/\/www.micsantjordi.org\/es\/wp-json\/wp\/v2\/tags?post=393"}],"curies":[{"name":"wp","href":"https:\/\/api.w.org\/{rel}","templated":true}]}}

Media estancia: convalescencias médicas

<div class="md:w-1/2 px-4 md:pr-8">
<h4 class="heading-default">Adaptados a tus necesidades</h4>
</div>
<div class="md:w-1/2 px-4">MICS Sant Jordi también está pensado para personas que necesitan una vivienda totalmente adaptada de forma temporal, de 1 a 6 meses. Sea cual sea el motivo, tanto por convalecencias médicas, como por razones laborales o de estudios, en MICs Sant Jordi encontrará el lugar que responde a sus necesidades.</div>

<p>Adaptados a tus necesidades MICS Sant Jordi también está pensado para personas que necesitan una vivienda totalmente adaptada de forma temporal, de 1 a 6 meses. Sea cual sea el motivo, tanto por convalecencias médicas, como por razones laborales o de estudios, en MICs Sant Jordi encontrará el lugar que responde a sus necesidades.</p>

<!-- This site is optimized with the Yoast SEO plugin v22.3 - https://yoast.com/wordpress/plugins/seo/ -->
<title>Media estancia: convalescencias médicas - MICs Sant Jordi</title>
<meta name="robots" content="index, follow, max-snippet:-1, max-image-preview:large, max-video-preview:-1" />
<link rel="canonical" href="https://www.micsantjordi.org/es/media-estancia-convalescencias-medicas/" />
<meta property="og:locale" content="es_ES" />
<meta property="og:type" content="article" />
<meta property="og:title" content="Media estancia: convalescencias médicas - MICs Sant Jordi" />
<meta property="og:description" content="Adaptados a tus necesidades MICS Sant Jordi también está pensado para personas que necesitan una vivienda totalmente adaptada de forma temporal, de 1 a 6 meses. Sea cual sea el motivo, tanto por convalecencias médicas, como por razones laborales o de estudios, en MICs Sant Jordi encontrará el lugar que responde a sus necesidades." />
<meta property="og:url" content="https://www.micsantjordi.org/es/media-estancia-convalescencias-medicas/" />
<meta property="og:site_name" content="MICs Sant Jordi" />
<meta property="article:modified_time" content="2023-01-19T10:50:01+00:00" />
<meta name="twitter:card" content="summary_large_image" />
<meta name="twitter:label1" content="Tiempo de lectura" />
	<meta name="twitter:data1" content="1 minuto" />
<script type="application/ld+json" class="yoast-schema-graph">{"@context":"https://schema.org","@graph":[{"@type":"WebPage","@id":"https://www.micsantjordi.org/es/media-estancia-convalescencias-medicas/","url":"https://www.micsantjordi.org/es/media-estancia-convalescencias-medicas/","name":"Media estancia: convalescencias médicas - MICs Sant Jordi","isPartOf":{"@id":"https://www.micsantjordi.org/es/#website"},"datePublished":"2022-10-17T12:13:09+00:00","dateModified":"2023-01-19T10:50:01+00:00","inLanguage":"es","potentialAction":[{"@type":"ReadAction","target":["https://www.micsantjordi.org/es/media-estancia-convalescencias-medicas/"]}]},{"@type":"WebSite","@id":"https://www.micsantjordi.org/es/#website","url":"https://www.micsantjordi.org/es/","name":"MICs Sant Jordi","description":"MICs Sant Jordi","publisher":{"@id":"https://www.micsantjordi.org/es/#organization"},"potentialAction":[{"@type":"SearchAction","target":{"@type":"EntryPoint","urlTemplate":"https://www.micsantjordi.org/es/?s={search_term_string}"},"query-input":"required name=search_term_string"}],"inLanguage":"es"},{"@type":"Organization","@id":"https://www.micsantjordi.org/es/#organization","name":"MICs Sant Jordi","url":"https://www.micsantjordi.org/es/","logo":{"@type":"ImageObject","inLanguage":"es","@id":"https://www.micsantjordi.org/es/#/schema/logo/image/","url":"https://www.micsantjordi.org/wp-content/uploads/2023/01/logo_wbl.png","contentUrl":"https://www.micsantjordi.org/wp-content/uploads/2023/01/logo_wbl.png","width":183,"height":72,"caption":"MICs Sant Jordi"},"image":{"@id":"https://www.micsantjordi.org/es/#/schema/logo/image/"}}]}</script>
<!-- / Yoast SEO plugin. -->

Media estancia: convalescencias médicas - MICs Sant Jordi

Adaptados a tus necesidades MICS Sant Jordi también está pensado para personas que necesitan una vivienda totalmente adaptada de forma temporal, de 1 a 6 meses. Sea cual sea el motivo, tanto por convalecencias médicas, como por razones laborales o de estudios, en MICs Sant Jordi encontrará el lugar que responde a sus necesidades.
